Let u be (-6)/(-6) + -2 + 3. Suppose 5*r + 0*z - z = 326, -u*r + 2*z + 124 = 0. What is the tens digit of r?
6
Suppose 0 = s - 1 - 5. Let n be -4*2/4 + s. Suppose -n*t - t + 75 = 0. What is the units digit of t?
5
Let g = 15 - 21. Let y(m) = 11*m + 2. Let a(l) = -12*l - 2. Let b(o) = -4*a(o) - 5*y(o). What is the units digit of b(g)?
0
What is the thousands digit of 3736/6*9/24*12?
2
Suppose 3*t - 2*j = 5177, -7*t + 2*j - 6912 = -11*t. What is the hundreds digit of t?
7
Suppose 0*n - j + 1235 = 4*n, -3*n + 5*j + 932 = 0. Let a = n - 96. What is the tens digit of a?
1
Let q(b) = 15*b**2 + 29*b - 11. Let p be q(-10). Suppose 943 + p = 9*l. What is the hundreds digit of l?
2
Suppose -30 = -4*g - 22. Let i = g - -206. What is the hundreds digit of i?
2
Let p = -26 - -61. Suppose -5*g - 34 = 3*h, 4*h - 43 = g - 119. Let y = h + p. What is the tens digit of y?
1
Let z = -137 - -77. What is the units digit of 3 - (z + -3 + 2)?
4
Let r be 11 + -8 + -3*1. Suppose r = 5*i - 2*i + 30. Let b(c) = -c**3 - 10*c**2 + 2. What is the units digit of b(i)?
2
Let g(d) = 19*d**3 - 3*d**2 + 3*d - 4. What is the units digit of g(5)?
1
Let k(m) = -m**3 - 9*m**2 - 9*m - 3. Let q be k(-8). Suppose -4*x - f - 11 = -q, -3 = -3*x + 3*f. Let w = x - -10. What is the units digit of w?
9
Let o(m) = -m**3 - 52*m**2 + 6*m - 152. What is the tens digit of o(-53)?
3
Let m(k) = k**2 - 3*k - 4. Let s be m(4). Suppose -h + 0*h = s. Suppose h = j - 4*f - 26, 4*f - 78 = j - 4*j. What is the units digit of j?
6
Suppose 0 = o - j - 718, -5*j - 1044 = -o - 318. What is the tens digit of o?
1
Suppose 0 = 5*l - 14*l + 459. Suppose 5*p + 0*p - 229 = q, -p = 5*q - l. What is the tens digit of p?
4
Suppose 0 = 2*u + t - 282, -u + t + 95 = -52. Suppose -5*r + u = -987. What is the units digit of r?
6
Suppose -392 = 3*k + o, -k = -7*o + 3*o + 135. Let x = -88 - k. What is the units digit of x?
3
Let a = 4 + -2. Let t(j) = -5 - 5*j - 8*j + j**a + 11*j. What is the units digit of t(7)?
0
Suppose 5*k - 1026 = -i, k - 3*k + 1032 = i. What is the tens digit of i?
3
Suppose -h - 3 = 3*j, 0*h + 4*j = 2*h - 4. Suppose -o - 19 = -4*m, h*o = -o + 5. Let b(d) = 2*d**2 - 7*d - 7. What is the tens digit of b(m)?
2
Let g(y) = -2 + 9*y**3 + 5 + 0*y**2 - 10*y**3 + 3*y + y**2. Let w be g(4). Let i = w + 62. What is the units digit of i?
9
Let n(s) be the second derivative of -s**3/6 + 6*s**2 + 5*s. Let v be (44/(-20))/((-2)/10). What is the units digit of n(v)?
1
What is the hundreds digit of -20 - -21 - 1*-5318?
3
Let m(k) = 2*k**2 + 4*k + 5. Let q be m(-2). Suppose q*y - 309 + 79 = 0. What is the tens digit of y?
4
Suppose 5*c - c - 4 = -3*u, 0 = 3*u + 3*c - 6. Suppose 4*f - 6*f - 5*t + 347 = 0, -u*f + 661 = -t. What is the hundreds digit of f?
1
Let o(l) = 11*l - 7. Suppose 28 = 3*v + h, -v + 2*h = -0*v - 14. Suppose -7*i + v*i = 12. What is the tens digit of o(i)?
3
Let u(p) = p - 4. Let x be u(-4). Let o = 114 + x. What is the tens digit of o?
0
Suppose 24 = 5*j - j. Let h(c) = -c**3 + 5*c**2 + 6*c + 1. Let u be h(j). Suppose 0 = 4*z - 69 + u. What is the units digit of z?
7
Suppose 5*h - 1 = -q + 7, -2 = h + 2*q. Suppose r + 4*r = -h*m + 331, -2*r = 4*m - 126. What is the units digit of r?
7
Suppose -4*c - 27 = -y - 0*y, -2 = -c + 2*y. Let b = c + 11. Suppose 70 = 2*t - t + 3*l, -l = b. What is the tens digit of t?
7
Let d = -166 + 326. Suppose -4*g - 3*u + 625 = 0, -2*g - u - d = -471. What is the hundreds digit of g?
1
What is the hundreds digit of ((-1608)/9)/(1/(-3))?
5
Let u be 2/(-4)*-10*-1. Let g(r) = 3*r**3 + r**2 + 5*r - 44. Let k(q) = -q**3 - 2*q + 15. Let w(h) = 6*g(h) + 17*k(h). What is the tens digit of w(u)?
3
Let n(m) = 0*m + 4*m + 21 + 2*m + 2*m. What is the units digit of n(4)?
3
What is the hundreds digit of (-14840)/(-15) + 1 - 2/6?
9
Let z(n) = n**2 + 5*n - 12. Let c be z(-9). Suppose 4*s - c = s. Let j = 24 - s. What is the units digit of j?
6
Suppose 0*j - j + 88 = 0. Let a = -42 + j. What is the tens digit of a?
4
Let l(u) = -u**3 - 5*u**2 + 8*u + 5. Let q be l(-6). Let s(i) = i**3 + 8*i**2 + 4*i - 16. What is the units digit of s(q)?
5
Suppose 114 = 5*k - 31. What is the units digit of k?
9
Let l(v) = 97*v + 38. What is the tens digit of l(7)?
1
Let q be 10/(-4)*((-53)/5 + -3). Suppose -q*o - 230 = -36*o. What is the hundreds digit of o?
1
Let k(r) = 3*r**2 - 3*r - 3. Suppose -10*i + 6*i = 12. Let n(l) = l**2 - l - 7. Let o be n(i). What is the units digit of k(o)?
7
Suppose 3*i - 30 = -3*i. Let q = -1 - -1. Suppose -i*w = -q*w - 60. What is the units digit of w?
2
Let z(o) = 209*o - 314. What is the thousands digit of z(15)?
2
Suppose 1 - 26 = -2*x - 5*l, -3*l = -15. Suppose -5*d - d + 144 = x. What is the units digit of d?
4
What is the tens digit of -238*((-343)/(-14))/(-7)?
3
Suppose -3*u = 9, f + 4*f - 4222 = 4*u. What is the tens digit of -3*2/36 - f/(-12)?
7
Suppose -22*b + 19440 = 5*b. What is the units digit of b?
0
Let i(x) = -2*x**2 - 5*x + 809. Let w be i(0). What is the tens digit of (-19)/76 - w/(-4)?
0
Let z(f) = -17*f - 11*f + 12*f. Let c be (-2)/3 - 1/3. What is the tens digit of z(c)?
1
Suppose -12*q = -5*q - 1260. What is the tens digit of q?
8
Suppose -4*w - 2*c + 1198 = -4*c, w = -c + 298. Suppose 3*k - w = 5*m, 2*m - 521 = -5*k - m. What is the tens digit of k?
0
Let r(q) = 22*q**2 + 19*q - 14. What is the units digit of r(6)?
2
Let m(x) = 63*x**2 + 2*x - 57. What is the units digit of m(5)?
8
Let m(n) = n**3 + 4*n**2 + 3*n + 1. Let k be m(-2). Let c = -84 - -128. Let j = c - k. What is the tens digit of j?
4
Suppose 83*q + 59299 = 102*q. What is the thousands digit of q?
3
Let i = -10 - -13. Suppose d - 38 = 4*f - 17, 5*f + 5 = -3*d. Suppose u - 27 = -d*k - 0*k, 0 = i*u - 2*k - 13. What is the units digit of u?
7
Let h(q) = -q**3 - 10*q**2 + 3. Let r be h(-10). Suppose 5*j - 3*i = -i + 239, r*j = -2*i + 153. What is the units digit of j?
9
Suppose -5*q + 2320 = l - 3*l, -3*q + 3*l = -1383. Let h = -197 + q. What is the hundreds digit of h?
2
Let i(j) = j + 4. Let x = -18 + 27. Let n be i(x). Let q = 28 - n. What is the units digit of q?
5
Suppose -34*f + 17523 = -7*f. What is the units digit of f?
9
Let g = 52 - 61. Let x(l) = -l**2 - 16*l + 11. What is the tens digit of x(g)?
7
Suppose 6*g - 5*c + 1380 = 11*g, 4*g + c - 1113 = 0. What is the hundreds digit of g?
2
Let s(x) = x**3 + 15*x**2 + 3*x - 13. Let t be s(-15). Let r = 22 - t. Suppose -r - 45 = -5*o. What is the tens digit of o?
2
Suppose p + 2*r = -16 - 3, 7 = -3*p + 4*r. What is the units digit of -2 - ((-1 - 1) + -2) - p?
1
Let g be 4/((-3)/(-3) + 0). Let r be (2 + 0)/(g/40). Suppose -95 = -r*i + 15*i. What is the units digit of i?
9
Suppose 617 = -16*x + 2073. What is the tens digit of x?
9
Let a(b) = -b**3 + 10*b**2 + 6*b - 17. Let m = 86 + -77. What is the units digit of a(m)?
8
Let w = 27 + -31. What is the tens digit of 0 - -4 - 118/w*2?
6
Let h = 22 - 17. Suppose 396 = 3*k - w, -3*w + w = h*k - 660. What is the tens digit of k?
3
Let k(o) = -38 - 2*o - 12*o + 0*o. What is the tens digit of k(-10)?
0
Let z(c) = -c**3 + 3*c**2 - 2*c + 169. Let o(w) = 2*w**2 - 20*w - 22. Let p be o(11). What is the tens digit of z(p)?
6
Let x = 195 - 117. Let m = x + -12. What is the units digit of m?
6
Let f = 1632 - 932. What is the hundreds digit of f?
7
Let x = 1225 - -346. What is the tens digit of x?
7
Suppose 32*i - 2 = 3326. What is the units digit of i?
4
Let z(t) = 1. Let x(i) = i - 6. Let w(l) = -2*x(l) - 4*z(l). Let q = -47 + 47. What is the units digit of w(q)?
8
Let c(f) be the second derivative of f**7/2520 - f**5/60 - f**4/2 - 3*f. Let v(j) be the third derivative of c(j). What is the units digit of v(-2)?
2
Let d = 747 + -447. What is the tens digit of d?
0
Suppose 4*q - 2*f + 0 = 16, -2*q - f + 4 = 0. What is the tens digit of 69 + q/(9/(-3))?
6
What is the hundreds digit of 72 + 706 - (-2 - 0)/2?
7
Let z(m) be the third derivative of -m**6/120 + m**5/6 - 5*m**4/12 + 5*m**3/6 - 40*m**2. What is the units digit of z(5)?
0
Let p be (-4 + -1)*(-424)/(-20). Let f = 227 + p. What is the tens digit of f?
2
Suppose 2454 = 2*w - 2424. What is the tens digit of w?
3
Suppose -d - 14 = 2*h + 2*h, -2*d = -4*h - 8. Let s be (12/d)/(-2 + 0). Suppose s*l - 9 = -0*l. What is the units digit of l?
3
Suppo